te the greatest common factor of o and s.
4
Suppose 0 = 5*v - n - 26, -n = 3*v - 4*n - 6. Suppose 0 = 25*x - 893 + 668. Calculate the highest common divisor of x and v.
3
Let u = 366 - 330. What is the highest common divisor of u and 171?
9
Suppose -4*g - 28 = -a, 3*g - 14 + 0 = -a. What is the highest common factor of a and 220?
20
Let j(a) = -8*a - 111. Let y be j(-14). Calculate the highest common divisor of 1 and y.
1
Let j(m) = -m**3 + 44. Let k be 0*(-1)/(0 + -1). Let l be j(k). Suppose 0 = 3*n - n - 8. What is the highest common divisor of l and n?
4
Suppose -6507*r + 6518*r = 1430. What is the highest common divisor of r and 70?
10
Suppose 3*b = x + 12, -2*b + 6*x - x = -21. Let c be (-74)/(-8) - b/(-4). Calculate the greatest common factor of c and 110.
10
Let j(n) = -n + 17. Let g be j(0). Suppose g + 16 = 3*b. Suppose -251 - 189 = -5*r. Calculate the highest common factor of r and b.
11
Let b(f) = f**3 + 6*f**2 - 3*f - 10. Let y be b(-6). Let x be 154/y - (0 + 1/4). What is the highest common divisor of 209 and x?
19
Let q = 3 + 0. Suppose 3*j + 68 = -z + 14, 0 = 2*z + q*j + 102. Let x be ((-2)/(-4))/((-4)/z). What is the highest common divisor of x and 12?
6
Suppose -6*c + 88 = 10. Suppose c = p - 10. Calculate the greatest common divisor of p and 184.
23
Suppose 3*p = -0*p - 66. Let r = -16 - p. Suppose -b = -4*b + 198. What is the highest common divisor of b and r?
6
Let t = 34 - 10. Let l be 7/3*36/14 - -90. Calculate the greatest common divisor of l and t.
24
Let d(h) = 18*h**2 - 32*h - 70. Let f be d(9). What is the greatest common divisor of f and 10?
10
Suppose 0 = 2*a - s + 3*s - 10, 3*s = 6. Suppose -4*l = -2*l + i - a, 4*l = 3*i + 1. Suppose -t - l + 9 = 0. What is the greatest common divisor of 24 and t?
8
Let a = 23 + -4. Let t = -346 + 403. What is the highest common factor of t and a?
19
Let a(f) = 4*f - 62. Let s be a(16). What is the greatest common factor of 26 and s?
2
Suppose 3*u = 2*c - 37, -6*c = -u - c - 8. Let i(o) = -11*o - 63. Let z be i(u). Calculate the greatest common factor of z and 48.
16
Let h be 396/55*15/6. What is the greatest common divisor of h and 26?
2
Suppose 0 = 5*t - 155 - 125. Let a = t + -26. What is the greatest common divisor of a and 45?
15
Suppose -2 = 4*u - 2. Let r(f) = f + 16. Let q be r(-10). Suppose 0*v + q*v - 162 = u. What is the highest common divisor of 9 and v?
9
Let l(k) = -k**3 - 5*k**2 + k + 5. Let t be l(-5). Suppose -3 = -c, -4*d - d - 5*c + 345 = t. Calculate the highest common factor of 6 and d.
6
Suppose 3*w + 3*d = -0*d + 1251, -2*d = -w + 408. What is the highest common divisor of 90 and w?
18
Suppose 5*r - 185 = -j - 4*j, 0 = -3*j + 2*r + 86. Suppose o - 5*o = 3*q - j, o = -5*q - 9. Calculate the highest common divisor of 55 and o.
11
Let v(m) be the second derivative of m - 2/3*m**3 + 1/12*m**4 + 3/2*m**2 + 0. Let i be v(-4). What is the highest common factor of 5 and i?
5
Let s = 247 - 173. Calculate the greatest common factor of 518 and s.
74
Let g(l) = -l - 2. Let q be g(-5). Suppose -3*x + 5*p = -x + 19, q*x - 4*p = -11. Calculate the highest common factor of 15 and x.
3
Suppose 2*s + 440 = -0*s. Let p be (-1 + (-11)/(-5))*s/(-33). What is the highest common divisor of 40 and p?
8
Let q(n) = 45*n. Let d be q(7). Let j = -212 + d. Let p = j - 63. Calculate the greatest common factor of p and 10.
10
Let l be (-52)/4*(2 + 0). Let b = l - -58. Calculate the greatest common factor of 80 and b.
16
Let r be 7/(21/162) + 0. Suppose -4*g + 0*g + 540 = 0. What is the highest common factor of r and g?
27
Let r be 33/363 - (-11296)/11. What is the highest common factor of 79 and r?
79
Let h = -154 + 258. What is the greatest common factor of 143 and h?
13
Suppose 6*s + 10*s = 288. What is the highest common divisor of 360 and s?
18
Suppose 630 + 2634 = 34*a. Calculate the greatest common divisor of 6 and a.
6
Suppose -2*y + 135 = y. Suppose 0*l = l - y. Let u be (-26)/(-3) - (-28)/84. Calculate the greatest common divisor of l and u.
9
Let b(x) = -5*x**2 + 8*x + 22. Let o be b(-5). Let c = -382 - -657. Let v = c + o. What is the greatest common divisor of v and 12?
12
Let j = 26 - 24. Let p(l) = -7*l**2 + 4*l - j*l**2 + 10*l**2. Let r be p(-11). Calculate the greatest common factor of 7 and r.
7
Let d(g) = 12*g - 1. Let y be d(3). Suppose 2*p + i = 3 + 9, -p - 2*i + 3 = 0. Calculate the greatest common factor of y and p.
7
Suppose -5*r + 15 = -2*r. Suppose -25 = -3*c - 2*t, -r*t + 4 = 2*c - c. Suppose 4*v = c*v - 50. Calculate the greatest common divisor of 10 and v.
10
Let f = 153 - 151. Suppose -z + 4 = 3*z. Suppose j - z - 4 = 0. What is the greatest common divisor of j and f?
1
Let u be ((-9)/(-6))/(18/(-24)). Let c be u - (276/(-9) - 4/(-6)). What is the highest common factor of c and 14?
14
Suppose -5*i + 3*f = 7*f - 6048, -2406 = -2*i + 5*f. Let u = 1763 - i. Suppose 1425 = 5*q - u. What is the greatest common factor of 36 and q?
36
Let o be (-8)/112*20*1*-91. What is the highest common factor of 195 and o?
65
Let n be (-4)/(-18) - 2080/(-36). Calculate the highest common divisor of 174 and n.
58
Let x(o) = 2*o**2 + 6*o + 15. Let h be x(-6). Calculate the greatest common divisor of 459 and h.
51
Let h = 276 + 351. Calculate the greatest common factor of 57 and h.
57
Suppose -536 = -4*l + 2*g, g - 8 = 3*g. Calculate the greatest common factor of 36 and l.
12
Let w be 24 + -1 + (2 - (5 + 0)). What is the highest common factor of 50 and w?
10
Let m be ((-1862)/35)/(10/(-75)*3). Calculate the highest common factor of m and 57.
19
Suppose 2*m = -3*w + 757, 5*w + 346 = -0*m + m. What is the highest common factor of 212 and m?
53
Let g be -1 - 201/(-6)*54/9. What is the highest common factor of 32 and g?
8
Let j = -9 - 1. Let k = -28 - j. Let p = 36 + k. Calculate the greatest common divisor of 18 and p.
18
Let d be -3*3/12 + (-5995)/(-20). What is the highest common factor of 92 and d?
23
Let k = -4 + -1. Let z = k - -7. Suppose 2*a - 18 + z = 0. Calculate the highest common factor of 2 and a.
2
Let j(a) = 6*a**2 + 3*a - 2. Let r be j(-2). Let x be 306/12*r/6. Suppose -x = -4*g + 28. What is the highest common factor of 60 and g?
12
Suppose 5*o - 4*o - 4 = 0. Suppose m = o*m + 33. Let b = -9 - m. What is the highest common divisor of b and 2?
2
Let a be (-80)/2*-1*1. Let f = 89 - 29. Calculate the greatest common factor of f and a.
20
Suppose -3*f + 16 = -f. Let h be (4 - 3) + 5 - (3 - 0). Suppose f*u = h*u + 20, 3*w - u = 41. What is the greatest common factor of 90 and w?
15
Let k = -570 + 358. Let u be (-2)/13 + k/(-26). Calculate the greatest common factor of 8 and u.
8
Suppose 156 = 3*m + 3*n, 275 = 4*m - 3*n + 81. Suppose 11*p - 6*p = 250. What is the highest common divisor of m and p?
50
Suppose -2 = -0*j + j, -4*j - 1 = -t. Let u(b) = b**3 + 7*b**2 + 1. Let d be u(t). Let g = d - -15. What is the highest common factor of 16 and g?
16
Let f = 19 + 65. What is the highest common factor of 24 and f?
12
Let m be -3 + 66 + (2 - (12 - 7)). Calculate the highest common divisor of 32 and m.
4
Let x = 776 + -551. What is the greatest common factor of 20 and x?
5
Let c = 4684 + -2114. What is the highest common divisor of 20 and c?
10
Suppose -7*b + 7 = -14*b. Let t = 16 + b. What is the highest common factor of 135 and t?
15
Let n be (-4)/18 + (7928/36 - 11). Calculate the highest common factor of n and 19.
19
Let m(p) = -2*p**3 + 2*p**2 + 5*p + 1. Let j be m(4). Let k be 4*(2 + 62/(-4) + 3). Let l = k - j. What is the highest common factor of 11 and l?
11
Let n be (-4 - -3) + 4/(-2). Let s = n - -8. Suppose -4*b + 4*g - 5 = -13, 4*b - g - s = 0. Calculate the highest common divisor of 11 and b.
1
Suppose -153 = 4*c - 369. Let d(b) = 7*b + 319. Let y be d(-39). Suppose -m + y = -c. What is the greatest common divisor of m and 20?
20
Let l = -1423 - -1548. What is the greatest common divisor of l and 25?
25
Let x(m) = 2*m**2 + 9*m + 7. Let i = -1 - 4. Let y be x(i). Let o be (-2)/(-8) - (-22)/8. What is the highest common factor of y and o?
3
Suppose -7040 = -326*g + 322*g. What is the greatest common factor of g and 480?
160
Let z = -17 + 20. Suppose z*v - 14 - 184 = 0. Let y = v - 39. Calculate the greatest common divisor of y and 18.
9
Let w = 163 - 240. Let v be (